 = -y + 5*i, 2*y - 1950 = 2*i - 250. List the prime factors of y.
3, 5, 19
Let p(u) = -298*u + 25. What are the prime factors of p(-1)?
17, 19
Let v(p) = 3*p**3 + 2*p**2 - p. Let y be v(1). Let r be 1/(4/16) - 0/3. Suppose 0 = -2*l + r*t + 38, 2*l - y*t + 37 = 3*l. List the prime factors of l.
5
Let q = 20 + 8. Suppose q + 16 = h + y, -3*h = y - 126. What are the prime factors of h?
41
Let i(m) = 26*m**3 - 3*m**2 - 3*m - 1. Let y be i(-1). Let j = y + 62. List the prime factors of j.
5, 7
Let r = 5 - 4. Let k be 1 - (-2 + r) - -2. Suppose 5*c = 4*f + 106, 3*c = 4*c + k*f - 26. What are the prime factors of c?
2, 11
Suppose 25*c = 3*c + 3784. List the prime factors of c.
2, 43
Suppose 555 = 3*h - 471. Suppose -39*d = -42*d + h. What are the prime factors of d?
2, 3, 19
Let l = 4 - 0. Suppose 4*o = l*r - 4, -3*o + 0*o + 3 = 0. Suppose 2*k - 38 = -r. List the prime factors of k.
2, 3
Let b be -2 + -2 + (4 - 0) + -4. List the prime factors of b*((-29)/4 - (-2 - -4)).
37
Let a(s) = -s + 9. Let l be a(8). Suppose 0 = -t + 3 - l. Suppose 0 = 4*z - t*p - 24, -3*p - 23 = -2*z - 7. What are the prime factors of z?
5
Suppose -f = 3*q + 3*f + 25, q + f + 7 = 0. Let u be -1 + 2 + q - -39. What are the prime factors of 4 - ((0 - u) + -4)?
3, 5
Suppose 0 = -17*k + 28*k - 7810. List the prime factors of k.
2, 5, 71
Suppose a - 1 = 1. Let l(v) = -9 - a - 10*v - 3 + 12. What are the prime factors of l(-4)?
2, 19
Let s(h) = h**3 - 6*h**2 + 6*h. Let y be s(5). Suppose o + y*d - 182 = -0*o, 559 = 3*o + 2*d. What are the prime factors of o?
11, 17
Let v be 1/3 - 6516/27. Let k = -88 - v. List the prime factors of k.
3, 17
Suppose 459*a - 438*a = 37359. List the prime factors of a.
3, 593
List the prime factors of -1 + -4 - 1/((-3)/6168).
7, 293
Let u = 63 + -17. Let w = u + -17. List the prime factors of w.
29
Suppose 176 = 4*n - 64. Suppose -n = w + 4*w. Let f(m) = m**3 + 13*m**2 + 10*m - 12. List the prime factors of f(w).
2, 3
Let h(a) = -a + 1. Let m be h(-1). Suppose -2*v + 6*v = -m*b + 572, 5*v + b - 721 = 0. List the prime factors of v.
5, 29
Let o(v) = -9*v**2 + v - 1. Let m be o(1). Let i = m - -4. What are the prime factors of (56/i)/4*-25?
2, 5, 7
Let c be 6/(-24) - 145/(-4). What are the prime factors of (c/10)/((-14)/(-35))?
3
Suppose 612 = d - 4*c, -4*d + d + 1868 = 4*c. List the prime factors of d.
2, 5, 31
Suppose -4*o - o - 2*w - 5 = 0, 0 = 4*o + w + 4. Let l be (3/(-9)*0)/o. Suppose -16 = -3*s + 2*m + 55, l = -4*m - 16. What are the prime factors of s?
3, 7
Suppose 0 = 17*x - 13370 + 3578. List the prime factors of x.
2, 3
Let z(f) = f**2 - 4*f. Let u be z(5). Let m = u + -5. Let j = m + 17. What are the prime factors of j?
17
Suppose 3 = y, -5*r + 3*y = -1 - 0. Let l be (-1)/(-1)*(24 + 0). Suppose 0*u + r*u = -c + 12, l = c - 2*u. What are the prime factors of c?
2, 3
Let d(o) = o**2 + 7*o + 3. Let a be d(-7). Suppose -2*j - 65 = 5*c, 4*c - 41 + 1 = a*j. Let r = -9 - j. What are the prime factors of r?
11
Suppose -36 = -5*b - 11. Suppose b*d - 11 = 9. Suppose 28 = -d*k + 5*k. What are the prime factors of k?
2, 7
Let l(d) = 3*d**3 + 8*d**2 + 20*d - 7. What are the prime factors of l(7)?
2, 3, 7, 37
Let w(o) = 20*o**2 + 39*o + 4. Let h(x) = 7*x**2 + 13*x + 1. Let i(a) = -17*h(a) + 6*w(a). What are the prime factors of i(-13)?
7
Let s = -38 - -44. Suppose s*q - 432 = 3*q. What are the prime factors of q?
2, 3
Suppose 2*b + 2*b = -5*j + 15, -j - b = -3. Suppose 3*y = -j*x + 7*y + 181, -y = -2. List the prime factors of x.
3, 7
Let u(k) = k + 5. Let a be u(-5). Let d = 12 - a. List the prime factors of d.
2, 3
Let v(p) = 2*p - 1. Let j be v(3). Let s(h) = -2*h**2 + 4*h - 2. Let n be s(j). Let m = n - -82. What are the prime factors of m?
2, 5
Let f(y) = y**2 + 3*y + 2. Suppose -2*s = -3*s - 10. List the prime factors of f(s).
2, 3
Suppose -3*u - 5*i = -39 - 74, -u + i + 43 = 0. List the prime factors of u.
41
Let z be (1/(-2))/((-4)/8). Let m = 7 - z. What are the prime factors of 122/m - 8/24?
2, 5
Let s = 1349 - 215. List the prime factors of s.
2, 3, 7
Let d be ((-1)/3)/(0 + (-3)/18). Suppose 0 = -3*b - r + 511, -d*b + 4*r + 117 = -233. What are the prime factors of b?
3, 19
Let y = -70 - -153. Suppose 5*x - 5 = 15, -5*f + 2*x = 228. Let b = f + y. What are the prime factors of b?
3, 13
Let f(b) = -2*b**3 - 3*b**2 + 5*b - 1. Let x(l) = -l**2 - 7*l - 10. Let q be x(-6). Let z be f(q). Suppose -3*d - 17 = -z. What are the prime factors of d?
2, 7
Suppose -27*z + 12 = -23*z. Suppose 2*r + 5*i - 116 = 0, -2*i + 275 = 5*r + z*i. List the prime factors of r.
53
Suppose 0 = 2*g + 1 - 7. Let x = -200 + 250. Suppose g*z = -2*z + x. List the prime factors of z.
2, 5
Suppose -3*h - 61 = -5*k, 5*k = -2*h + 3 - 2. Let c(w) = -2*w + 6*w**2 + 6*w**2 + 2*w**3 - 13 - w**3. What are the prime factors of c(h)?
11
Suppose -72*x + 66*x + 960 = 0. List the prime factors of x.
2, 5
Let p = -251 + 866. What are the prime factors of p?
3, 5, 41
Let d = 2709 + -128. List the prime factors of d.
29, 89
Let v = -72 - -184. List the prime factors of v.
2, 7
What are the prime factors of (2026/5)/(-1 + 14/10)?
1013
Suppose -3*l - 8 = 4*f, 5*f + 4 = -4*l - 5. Let z be l + (-1)/(3/(-318)). Suppose -n + z - 6 = 2*a, -2*a - 4*n + 104 = 0. What are the prime factors of a?
2, 13
Suppose 0*x = 9*x - 774. Let w = x - -4. List the prime factors of w.
2, 3, 5
Let y(x) be the second derivative of x**5/30 + 5*x**4/24 + x**3/2 - x**2 + 4*x. Let o(w) be the first derivative of y(w). List the prime factors of o(-7).
2, 3, 11
Let m(d) = 23*d**2 + 15*d + 6. Let b be m(4). Let q = -197 + b. What are the prime factors of q?
3, 79
Let l(w) = w**2 + 4. Let a be ((-16)/(-20))/(2/10). Let x be l(a). Suppose -x = -5*n, 5*g - n - 78 = -3*n. What are the prime factors of g?
2, 7
Suppose -b = 6*b - 4508. What are the prime factors of (15/10)/((-1285)/b + 2)?
2, 7, 23
Let n(x) = x**2 - x - 11. Let u be n(6). Suppose u = a - 2*a. Let g = a - -30. List the prime factors of g.
11
Suppose 3 = 3*m - 3, 3*d - 5 = 2*m. Suppose 0*v - 9 = -d*v. Suppose 2*k - 8 = 0, v*n - 5*n + 2*k = -34. List the prime factors of n.
3, 7
Suppose -3*q + 2*r = -11194, r - 1103 = -4*q + 13804. What are the prime factors of q?
2, 233
Let i(b) = b - 15. Let g(s) = -1. Let h(f) = -2*g(f) - i(f). Let d be h(12). Let q = 7 + d. List the prime factors of q.
2, 3
Suppose k + 5*h + 9 = 1, h = -k. Let c(p) = 2*p + 2*p + 24*p**2 - 9*p**2 - 5*p - 3. List the prime factors of c(k).
5, 11
Let m = 9138 + -5325. What are the prime factors of m?
3, 31, 41
Let b(x) = x - 4. Let h be b(6). Suppose 2*a = 4*a - 22. Suppose 0 = h*d - a - 19. List the prime factors of d.
3, 5
Let q = 31 - 30. Let c = 3 - q. What are the prime factors of 1/c*2*26?
2, 13
Let u(l) = l - 2. Let t be u(2). Suppose 15 = 13*v - 10*v. Suppose -v*c + 4*p + 39 = 0, c + 0*c + 3*p - 23 = t. What are the prime factors of c?
11
Let w(r) be the first derivative of r**4/4 + 2*r**3 - 4*r**2 + 6*r - 1. Let d be (-3)/5 - (-480)/(-75). List the prime factors of w(d).
13
Let o = 14 - 6. What are the prime factors of (-14 + 16)*o*2?
2
Let j(b) = 3*b**2 - 3*b - 4. Let s = -4 - 0. What are the prime factors of j(s)?
2, 7
Let a(b) = -b**2 - 6*b - 1. Let o be a(-5). Suppose o*c = 179 + 185. What are the prime factors of c?
7, 13
List the prime factors of 181*-9*7/(-21).
3, 181
Suppose 139*k - 75922 = 125*k. List the prime factors of k.
11, 17, 29
Let j(r) be the third derivative of r**5/12 + r**4/24 - 7*r**3/6 - 14*r**2. What are the prime factors of j(-6)?
167
Let p be (4/5)/(3/120). List the prime factors of (267/(-4))/((-24)/p).
89
Let r(c) = -7 - 3*c + 1 + 10. Let l(s) = -8*s + 10. Let x(h) = -5*l(h) + 12*r(h). What are the prime factors of x(4)?
2, 7
Suppose -3*o - 20 = -8*o. Suppose o*z - z = 4*r - 98, 3*r + 2*z - 65 = 0. Let f = 49 - r. List the prime factors of f.
2, 13
Let d(h) = -h + 22. Suppose g + 0 = -7. What are the prime factors of d(g)?
29
Suppose 5*v - 13 + 53 = 5*p, 3*p - v = 16. Let y(m) = 4*m**2 - m + p - 7*m + 2*m + 2*m. What are the prime factors of y(3)?
2, 7
Let o(j) = -j**2 + 2*j + 4. Suppose -c - 1 = c + 3*m, 4*c - 19 = m. Let p be o(c). List the prime factors of ((104/(-1))/p)/1.
2, 13
Suppose 4*d - d = 0. Let k be 32/24*(d - -27). Suppose -2*m + 5*m - k = 0. What 